 and 46?
46
Calculate the highest common divisor of 1587454 and 3894.
1298
What is the highest common factor of 8 and 25244?
4
Calculate the greatest common factor of 141007 and 31487.
1369
What is the highest common factor of 4752464 and 1874?
1874
What is the highest common factor of 14 and 67382?
14
Calculate the highest common divisor of 125 and 6025.
25
What is the greatest common factor of 60588 and 22?
22
What is the highest common divisor of 3537 and 6723?
27
Calculate the greatest common factor of 376480 and 181.
181
Calculate the greatest common divisor of 278264 and 14.
14
Calculate the greatest common divisor of 4147 and 253.
11
Calculate the highest common factor of 38513 and 38.
19
What is the greatest common factor of 450 and 210690?
90
Calculate the highest common divisor of 47 and 2742215.
47
Calculate the highest common factor of 3620341 and 41.
41
What is the greatest common divisor of 9953 and 2421?
269
What is the greatest common factor of 51959 and 3728?
233
What is the highest common divisor of 680 and 48705?
85
What is the highest common divisor of 16606 and 46?
46
What is the highest common factor of 860460 and 36?
12
What is the greatest common divisor of 56 and 3401860?
28
Calculate the greatest common divisor of 34200 and 76152.
456
What is the highest common divisor of 39852 and 312912?
1476
What is the highest common divisor of 912 and 3953824?
304
Calculate the highest common factor of 14 and 548429.
7
What is the greatest common factor of 378 and 2457?
189
Calculate the highest common factor of 1666 and 645428.
98
Calculate the highest common divisor of 6 and 1253022.
6
Calculate the highest common divisor of 161 and 7892864.
161
What is the highest common divisor of 30863 and 644?
7
Calculate the greatest common factor of 649 and 8673.
59
Calculate the highest common factor of 207 and 39321.
9
What is the highest common factor of 319856 and 16?
16
Calculate the highest common factor of 14 and 3426360.
14
Calculate the highest common divisor of 7906 and 13936.
134
Calculate the highest common divisor of 1827 and 2051.
7
Calculate the greatest common divisor of 3773 and 46991.
343
What is the highest common divisor of 1241505 and 846?
423
Calculate the greatest common factor of 13262 and 456.
38
What is the greatest common divisor of 7878 and 112110?
606
What is the highest common factor of 7316 and 30132?
124
What is the highest common factor of 22 and 29458?
22
What is the greatest common divisor of 3498 and 1645809?
1749
What is the greatest common divisor of 238 and 764456?
238
What is the highest common factor of 11 and 289421?
11
What is the greatest common factor of 27772 and 7860?
524
Calculate the highest common factor of 450 and 239175.
225
Calculate the highest common factor of 904629 and 3476.
869
What is the highest common divisor of 167488 and 1792?
64
What is the greatest common divisor of 26 and 178?
2
Calculate the highest common factor of 16402 and 472.
118
What is the greatest common divisor of 11192 and 16?
8
Calculate the greatest common divisor of 22 and 83501.
11
What is the highest common divisor of 16 and 18627088?
16
Calculate the greatest common factor of 80201 and 759.
253
What is the highest common divisor of 49467 and 352?
11
What is the greatest common divisor of 390060 and 2508?
132
Calculate the highest common factor of 1904 and 576674.
238
What is the highest common divisor of 1710 and 836760?
570
Calculate the greatest common divisor of 57530 and 8030.
110
Calculate the greatest common factor of 14478 and 3420.
114
What is the highest common divisor of 242 and 2503853?
121
Calculate the highest common divisor of 5311 and 93013.
47
What is the highest common divisor of 421 and 80411?
421
What is the highest common factor of 1155 and 9339?
33
What is the greatest common divisor of 186 and 202926?
186
What is the highest common factor of 37928 and 2155?
431
Calculate the highest common factor of 94 and 139778.
94
Calculate the greatest common divisor of 18 and 27902.
2
What is the highest common divisor of 24 and 324924?
12
What is the greatest common factor of 19462 and 30508?
526
Calculate the greatest common factor of 127987 and 2931.
977
Calculate the greatest common divisor of 59436 and 52.
52
What is the greatest common factor of 320354 and 1178?
62
Calculate the greatest common divisor of 13 and 3459677.
13
Calculate the greatest common divisor of 5611 and 899.
31
What is the greatest common divisor of 9632 and 4368?
112
What is the greatest common divisor of 916 and 34579?
229
What is the highest common factor of 56 and 970172?
28
What is the highest common factor of 34 and 1188793?
17
What is the greatest common factor of 538909 and 334?
167
What is the greatest common factor of 1513014 and 6?
6
Calculate the greatest common divisor of 126 and 446754.
42
Calculate the highest common factor of 1793856 and 576.
192
Calculate the highest common divisor of 1778 and 113246.
14
What is the greatest common divisor of 43848 and 11223?
261
Calculate the greatest common divisor of 570 and 92074.
38
Calculate the highest common divisor of 16911 and 414.
9
Calculate the highest common divisor of 4664 and 861674.
1166
What is the highest common divisor of 2352 and 960?
48
Calculate the greatest common factor of 65894 and 18927.
701
Calculate the highest common factor of 251122 and 6266.
482
Calculate the highest common factor of 549 and 1634373.
549
Calculate the greatest common factor of 469476 and 161.
161
Calculate the highest common divisor of 68939 and 39.
13
Calculate the greatest common factor of 20 and 44800.
20
Calculate the highest common divisor of 3255368 and 8.
8
Calculate the greatest common factor of 54 and 223200.
18
Calculate the greatest common divisor of 751706 and 34.
34
Calculate the greatest common factor of 106 and 926652.
106
What is the highest common divisor of 129080 and 210?
70
What is the greatest common divisor of 1276 and 27260?
116
Calculate the highest common divisor of 42164 and 87316.
332
Calculate the highest common factor of 59732 and 2398.
218
Calculate the highest common divisor of 1240 and 1480.
40
What is the highest common divisor of 78 and 524511?
39
Calculate the highest common factor of 1885014 and 126.
18
What is the greatest common factor of 45450 and 4650?
150
What is the highest common divisor of 70 and 103628?
14
What is the highest common factor of 22092 and 3528?
84
What is the greatest common factor of 1575 and 777?
21
Calculate the greatest common divisor of 10860 and 480.
60
What is the greatest common factor of 132 and 915332?
44
Calculate the highest common factor of 142296 and 22344.
1176
What is the highest common divisor of 53 and 11053?
1
What is the greatest common divisor of 7663 and 3239?
79
Calculate the highest common factor of 3498 and 32118.
318
What is the greatest common divisor of 219 and 29784?
219
Calculate the greatest common divisor of 106 and 198962.
106
Calculate the highest common divisor of 11029 and 33356.
269
Calculate the greatest common factor of 707301 and 3052.
763
What is the highest common factor of 227 and 81039?
227
What is the greatest common divisor of 2245000 and 1000?
1000
What is the greatest common factor of 149168 and 144?
16
What is the greatest common divisor of 531 and 18489420?
531
Calculate the greatest common factor of 8723 and 33.
11
Calculate the highest common divisor of 73784 and 2392.
184
Calculate the highest common factor of 660 and 13620.
60
What is the highest common factor of 533070 and 180?
90
Calculate the greatest common divisor of 887191 and 1.
1
What is the highest common factor of 2464 and 392?
56
Calculate the greatest common factor of 65 and 587431.
13
What is the greatest common factor of 6156 and 2793?
57
Calculate the greatest common divisor of 38 and 94373.
19
Calculate the greatest common factor of 21888 and 40.
8
What is the greatest common factor of 1746 and 8856?
18
What is the highest common divisor of 1996962 and 44?
22
What is the greatest common divisor of 2123 and 3281?
193
What is the greatest common divisor of 10104 and 63571?
421
Calculate the highest common divisor of 91 and 34723.
13
What is the greatest common divisor of 4332 and 7?
1
What is t